8 + 0) composite?
False
Let k(d) be the second derivative of d**5/20 - d**4/2 + 4*d**3/3 + 3*d**2/2 - 11*d. Let l be k(4). Suppose 2*h + l*h = 2605. Is h prime?
True
Let v(i) = 9*i + 12. Let f be v(-8). Suppose -464 - 2214 = -13*p. Let u = p + f. Is u a prime number?
False
Suppose 4*o - 2*p = 275058, p = 4*o + 7370 - 282433. Is o a prime number?
True
Is ((-2)/14)/(2/(-6)) - 92765756/(-1358) composite?
False
Suppose -12 = 4*d - 3*x, -7*x = d - 3*x + 3. Let m be 4 + (d - 1) - 0. Suppose -2*h + 1769 = 3*u, m = -3*h - 0*h + 4*u + 2611. Is h composite?
False
Let n be ((3 - -6) + -3)*(-3)/2. Is 16878 + 1363/(-261) + (-2)/n a prime number?
False
Let k = 47574 + -30160. Is k a composite number?
True
Let z(s) = 3814*s + 8. Let q be z(1). Is q + 6/(-2) - 15/3 a composite number?
True
Suppose 3*o - 10 = -3*h + h, -4*o + 5*h = 2. Suppose o*f - 5568 = -4*z + 7666, 3336 = z - 5*f. Suppose 5*a - 5094 = z. Is a prime?
False
Let p = -117 - -118. Is 4*p*((-350)/(-8) - -3) prime?
False
Let v(t) = t + 54. Let i be v(0). Suppose -4*s = 12, 3*w + 2*s = -101 - 49. Let z = w + i. Is z prime?
False
Let z(i) be the second derivative of i**5/20 - i**4/2 - i**3/6 + 7*i**2/2 - 9*i. Let s be z(6). Is 1796 + ((-4)/4)/s a composite number?
True
Suppose -6*h = -9*h - 20169. Let o = 9527 + h. Suppose -5*s + s + o = 0. Is s a prime number?
True
Let i(x) be the second derivative of -x**8/480 - x**7/1260 - x**6/240 + x**5/120 + x**4 + 26*x. Let q(c) be the third derivative of i(c). Is q(-4) composite?
False
Suppose 0*w = -5*w - 5*x + 25, 0 = 2*w + x - 9. Suppose -w*m = -0*m - 5276. Is m a composite number?
False
Let h = 23 - 14. Let v(j) be the first derivative of 5*j**3/3 - 13*j**2/2 + 5*j - 1. Is v(h) a composite number?
False
Let v(f) = 49*f**2 + 51*f - 140. Let z(r) = -16*r**2 - 17*r + 46. Let q(x) = 4*v(x) + 11*z(x). Is q(-11) a prime number?
True
Let f(l) = 46478*l - 5537. Is f(18) a composite number?
False
Let k be (-3)/2*(-34)/(-51). Let d be k/(-4) - (-4284)/16. Suppose -2*f + d + 378 = 0. Is f composite?
True
Let x = -5303 - -7330. Is x prime?
True
Let h be (4 - 94642/(-11)) + 2/11. Suppose 35179 = 3*a + h. Is a a composite number?
True
Let t(q) = 7*q - 13. Let g be t(1). Is 4731/1 - ((-9 - -17) + g) prime?
True
Suppose -2*w - 4697 = 5*d + 355, -5*w - 992 = d. Let i = 1919 + d. Is i prime?
True
Let i(u) = -142*u - 24. Let n(z) = -z + 2. Let f(c) = -i(c) - 5*n(c). Is f(9) a prime number?
False
Suppose -3*p + 19 = 7, -k + 14 = 3*p. Suppose 19*h = -k*h + 112371. Is h prime?
True
Is 34*(304/380 - (-7)/10) prime?
False
Let k be 0/(27/18*(-8)/(-6)). Suppose k = -8*c + 40063 - 4695. Is c composite?
False
Let c(f) = f**3 - 49*f**2 - 16*f + 4. Let v be c(13). Let h be (748/(-2))/2*23. Let l = h - v. Is l prime?
True
Suppose -4*g + 300 = 256. Is g/3*(-183927)/(-37) a composite number?
True
Let y be -3 - 27/(-6) - (-10)/4. Suppose 5 + 3 = -y*m. Is 2 - -406 - ((-4)/m - 1) composite?
True
Is (-22)/(-110)*10 + 41075 prime?
True
Let v(a) = a**3 - 26*a**2 + 24*a - 51. Let t = -34 - -60. Is v(t) a composite number?
True
Suppose -2*s - 3*x - 3 = 2, -2*x + 10 = -2*s. Let k be (-3)/(-4 + 7 + s). Suppose -3453 = -0*d - k*d. Is d a prime number?
True
Suppose 5780*u = 5769*u + 6754451. Is u composite?
False
Suppose -8*p = -17 + 1. Let y(x) = 34*x + 4*x**p - 37*x + 1 + 58*x**3 - x**2. Is y(1) composite?
False
Let r(o) = -1161*o + 34. Let g be r(-10). Suppose 0 = 4*h - 4*j - g, -8*h + 4*h - 3*j + 11644 = 0. Is h composite?
True
Suppose 4*o + 2333456 = -4*j, j = -3*o + 4*j - 1750068. Is (o/96)/((-2)/3) a composite number?
True
Let a(v) = v**2 + v - 2. Let h(t) = 211*t**3 - 3*t**2 - 3*t - 14. Let w(j) = 2*a(j) - h(j). Is w(-3) a composite number?
False
Suppose 0 = -3*m - 35 + 62. Suppose -m + 5 = -2*y. Is (-2)/(-3) + y + (-13269)/(-9) a composite number?
True
Let j be 6/14 + (-2)/(70/(-6005)). Let l be ((-12)/(-7))/(-3 - j/(-56)). Let i = l - -245. Is i a composite number?
False
Suppose 3*u - 9 = 0, 5*y + 3*u + 5 - 34 = 0. Suppose 8*d = y*d + k + 162238, -k = 5*d - 202793. Is d prime?
True
Let d = -31544 - -250801. Is d a prime number?
False
Let u(t) = -t**3 + 4*t**2 - 3*t - 3. Let g be u(4). Let n = 23 + g. Let d(f) = 85*f + 3. Is d(n) a prime number?
True
Let a be -3 - ((-6)/(-4))/(2/(-12)). Suppose -a*g + 2*g = -g. Suppose g = 2*y + 3*d - 0*d - 505, 248 = y - 3*d. Is y prime?
True
Let j be ((-4)/(-4))/(0 + -1). Let a be (-1 - 3/(-2))/(j/(-28)). Is (343 - 0) + a + -11 composite?
True
Let f(o) = o**3 - o - 1. Let b(w) = -w**3 + 7*w**2 - 6*w + 2. Let y(i) = b(i) + 3*f(i). Let r be (4/(-22) + (-138)/(-33))*2. Is y(r) composite?
False
Suppose x + 4*x + 312 = 3*p, -520 = -5*p + 3*x. Suppose -3*n = 4*q - 84, -q = 4*q + 4*n - p. Suppose -174 = -q*i + 22*i. Is i prime?
False
Let v(w) = 356*w**3 + 3*w**2 - 96*w - 54. Is v(11) a composite number?
False
Let t(h) = 1247*h - 1931. Is t(12) composite?
False
Let h = 83308 - 27977. Is h composite?
False
Suppose 38*c = 43*c - 35. Let g(h) = 4*h + c*h**3 + 0*h**2 - 3 + 3*h + h**2 - h. Is g(4) a prime number?
False
Let a(z) = -340*z + 121. Let b = -208 - -196. Is a(b) a prime number?
True
Let n = 356 + -52. Suppose -2909 = -3*m + w, m - n = 2*w + 659. Is m a composite number?
False
Suppose 0 = -58*j + 45*j + 26. Suppose -3*m + 1767 = j*h, 2945 = 11*m - 6*m - h. Is m composite?
True
Let y(n) = -3*n + 17*n**2 + 2*n**3 + 1 - 3*n**3 - 11*n**2. Is y(-8) a composite number?
True
Let p(c) = -865*c**3 + c + 1. Suppose -3*q = -u + 15, 2 = u - 4*q - 18. Let f be (3 - 4)/(u - (0 - 1)). Is p(f) a composite number?
True
Suppose 2*c + c - 4125 = -3*n, -5*c = -2*n - 6889. Suppose c = 2*d - 905. Is d composite?
True
Let f = 509625 + 9538. Is f prime?
False
Let d be (-201)/((2 + -3)*1). Suppose 2*r = -60 + 936. Let n = r - d. Is n a composite number?
True
Let l(z) = 72004*z - 135. Is l(2) prime?
True
Let u(f) = -f**3 + 5*f**2 - f - 5. Let v be u(3). Suppose i - 4*o + 2*o - v = 0, 23 = 2*i - 5*o. Is 2060/i - (-5 + 3) prime?
False
Suppose q = -0*q + 18. Let a be q + -823 + (-5 - -1). Let y = a + 2246. Is y a prime number?
False
Suppose -2*b - w = -0*w - 6, 0 = b - 5*w - 3. Suppose 0 = -b*d + 9 - 3. Suppose d*r = 4*r - 298. Is r composite?
False
Suppose -4*i = i + 2*r - 3243, 3*r - 1953 = -3*i. Suppose 0 = 3*x - x + 4*y - 642, i = 2*x + 5*y. Suppose x = w - 3*o - 240, 0 = -w + 2*o + 553. Is w composite?
False
Let p = 180256 + -128739. Is p prime?
True
Is (-1*1)/((125 - 135) + 6159938/615994) a composite number?
True
Let x = 136917 - 83480. Is x composite?
False
Let p(q) be the first derivative of -q**3/6 + 209*q**2/2 - 11*q - 8. Let k(y) be the first derivative of p(y). Is k(0) a composite number?
True
Suppose -5*d + 4*n + 10 = -0*n, -d + 2 = -4*n. Let o be (-27)/(-3) + (d - 0) + -5. Is (-2516)/(-2)*o/12 prime?
False
Let s(x) = -18*x**3 + 2*x**2 - 7*x - 2. Let g = 57 + -50. Let z be (4 + 1)/(g + -8). Is s(z) a composite number?
False
Suppose -95*v + 28086965 - 3446605 = -4825695. Is v prime?
True
Let q be 1 - 268*2/(-1). Let v = -1858 - -2274. Let x = q + v. Is x a prime number?
True
Suppose 12*z + 516 = 12624. Is z a prime number?
True
Let f(p) = -60*p**3 - 2*p**2 - p. Let a = -20 + -6. Let n be (-6)/(-4)*a/39. Is f(n) composite?
False
Suppose 7811542 = 29*a - 2514691. Is a a composite number?
False
Let n be 20/15*(345/10 + 0). Suppose 0 = -n*g + 30*g + 10768. Is g composite?
False
Is ((-3176614)/7 - -5)/(-1) prime?
True
Suppose 200787 = 4*l + 5*z - 167282, 8*l - 736098 = -2*z. Is l a prime number?
False
Suppose 3*t - 4*t + 2*t = 0. Let f(b) = -b**3 + b**2 + 2*b + 593. Is f(t) composite?
False
Is (-412977)/(-39) + ((-23)/65 - 7/(-35)) a prime number?
True
Let a = -49 + 98. Let x(j) = 1 - 23*j - 32*j - a*j. Is x(-5) prime?
True
Let t be -2*6/((-48)/(-20)). Is t + 2 + 73 + -17 composite?
False
Let i = -12 + 17. Suppose 3*f + 2027 = i*z, -z + 2034 = 4*z + 4*f. Is -4 + -3 + z + -2 composite?
False
Suppose z + 6 = -3*x - 9, 0 = 3*z + 2*x + 10. Let m(l) be the third derivative of -l**6/120 - l**5/60 + l**4/24 + 409*l**3/6 - 157*l**2 - l. Is m(z) composite?
False
Let k = -134 + 127. Let u(z) = z**2 - 3*z - 19. Is u(k) a prime number?
False
Suppose -j + 2*z + 7043 = 0, 4*j = -z + 23591 + 4563. Is j composite?
False
Let w(m) = -m**2 + 12*m + 4. Let a(c) = c**3 + 21*c**2 + 37*c - 8. Let